te?
True
Is 11346035983 prime?
True
Is 49346759999 a prime number?
True
Is 32192912387 composite?
True
Is 110666776969 a composite number?
True
Is 35726551793 prime?
False
Is 206421053 a composite number?
False
Is 708803 a prime number?
True
Is 3509091479 prime?
True
Is 1848026891 composite?
False
Is 1461821591 prime?
False
Is 56808959 composite?
False
Is 201441469 composite?
False
Is 20454100079 prime?
False
Is 11434932401 a prime number?
False
Is 54553735981 a composite number?
True
Is 327853829 a prime number?
True
Is 810632441 a prime number?
False
Is 31121642303 a prime number?
True
Is 17251526819 composite?
True
Is 10556957893 composite?
True
Is 41993346377 a prime number?
True
Is 86158301 composite?
True
Is 1084046181 a composite number?
True
Is 13868797966 prime?
False
Is 79054503043 a composite number?
True
Is 313041467 composite?
True
Is 2419611647 a prime number?
False
Is 1230671833 composite?
True
Is 57705655151 a composite number?
True
Is 44509432757 prime?
True
Is 69936942227 composite?
False
Is 865987307 a prime number?
True
Is 21757142977 a prime number?
True
Is 2064371021 composite?
True
Is 2068748729 a composite number?
False
Is 6908647721 composite?
True
Is 93033298103 composite?
False
Is 2009303563 a composite number?
True
Is 515074291 prime?
False
Is 54611857 composite?
False
Is 5594393489 composite?
False
Is 269062267 a prime number?
False
Is 7228702567 composite?
False
Is 3652923257 a prime number?
False
Is 8285160251 composite?
False
Is 838057793 composite?
False
Is 1532341331 composite?
False
Is 1880756881 prime?
False
Is 64037033 composite?
False
Is 380233751 a composite number?
False
Is 735618619 a composite number?
False
Is 2152396093 a composite number?
True
Is 13817103371 a prime number?
True
Is 73739247887 a composite number?
False
Is 81925897349 composite?
False
Is 3650024591 a composite number?
False
Is 84944009 composite?
False
Is 124190680919 prime?
True
Is 2735556011 a prime number?
True
Is 5244811178 a prime number?
False
Is 1880617927 a composite number?
False
Is 1028979437 prime?
True
Is 397330501 composite?
True
Is 7474300577 a prime number?
False
Is 52531579 a composite number?
True
Is 6633796693 composite?
False
Is 641422207 composite?
True
Is 9768469233 a prime number?
False
Is 7052068741 a composite number?
True
Is 26501237255 a composite number?
True
Is 64037711 a prime number?
True
Is 16857411931 a prime number?
True
Is 4196064053 composite?
False
Is 50196052919 a prime number?
True
Is 337919177 composite?
True
Is 2151102383 a prime number?
True
Is 621049607 prime?
True
Is 626964181 composite?
True
Is 101032263889 a composite number?
True
Is 7419021679 composite?
False
Is 18185067223 a composite number?
False
Is 6140459753 composite?
True
Is 570316037 a prime number?
True
Is 12006588863 a composite number?
True
Is 353134669 composite?
False
Is 2325084571 a prime number?
True
Is 6900270929 prime?
False
Is 8745980291 composite?
True
Is 2893392949 composite?
False
Is 51403369 a composite number?
False
Is 214647478399 prime?
True
Is 1496978381 a composite number?
False
Is 9094595039 a prime number?
True
Is 3253519447 prime?
True
Is 86269607147 a prime number?
True
Is 7324304959 composite?
True
Is 124369377541 composite?
True
Is 20414365079 a composite number?
True
Is 98663401 a composite number?
True
Is 96182406217 prime?
False
Is 15768598259 a composite number?
False
Is 44118978863 a prime number?
False
Is 87184464193 prime?
True
Is 1126008749 a prime number?
False
Is 27050084447 prime?
False
Is 116733737383 composite?
False
Is 15029000243 a prime number?
False
Is 2882104777 prime?
True
Is 227778463 prime?
False
Is 415612147 prime?
True
Is 9230048411 prime?
True
Is 6316219141 a prime number?
True
Is 23057735753 a composite number?
True
Is 5545703663 prime?
True
Is 1060892719 composite?
False
Is 691323713 composite?
True
Is 349112191 composite?
False
Is 12191687297 a prime number?
False
Is 401466649 composite?
False
Is 4987331161 prime?
True
Is 219615601 a prime number?
True
Is 9200680033 a composite number?
True
Is 18065793973 composite?
True
Is 2343516629 a composite number?
False
Is 2024475841 prime?
False
Is 19838663239 composite?
True
Is 1286989559 prime?
False
Is 14595953327 prime?
True
Is 28489995959 a composite number?
False
Is 88763903 a composite number?
False
Is 4468262027 a composite number?
False
Is 8992388777 composite?
False
Is 17588701901 a composite number?
False
Is 32607601457 a prime number?
True
Is 5042439371 composite?
True
Is 4006940621 composite?
False
Is 377795557 a prime number?
False
Is 4323532151 a prime number?
False
Is 1875156641 a composite number?
False
Is 1384160059 a prime number?
True
Is 1862651117 prime?
False
Is 1443370309 a composite number?
True
Is 4060876559 a composite number?
True
Is 30064575979 composite?
True
Is 35315868403 a composite number?
True
Is 174262370921 a composite number?
False
Is 54233903287 composite?
True
Is 274469359 composite?
True
Is 3203387417 a prime number?
True
Is 1849295267 a composite number?
False
Is 7780761427 a composite number?
True
Is 244012427 prime?
False
Is 37520445763 prime?
True
Is 423229843 a prime number?
True
Is 593501563 a prime number?
False
Is 43821283553 a composite number?
False
Is 447966497 composite?
True
Is 46122403087 composite?
False
Is 41116611377 composite?
False
Is 2852835499 composite?
True
Is 173867701 composite?
True
Is 100486273 a prime number?
True
Is 138167021 composite?
True
Is 78322439651 a composite number?
False
Is 7655607651 a composite number?
True
Is 78382261 prime?
False
Is 17434823789 composite?
False
Is 86745613 prime?
False
Is 286771957 composite?
True
Is 138724215179 a prime number?
False
Is 479132351 a composite number?
True
Is 430807513 prime?
True
Is 40337896267 prime?
False
Is 13096412491 a composite number?
False
Is 260641177 composite?
False
Is 192505981 a prime number?
False
Is 765959567 prime?
False
Is 203094641 prime?
False
Is 868372601 a prime number?
True
Is 2476777949 prime?
True
Is 1280774731 prime?
False
Is 1420216111 prime?
True
Is 109484017 composite?
False
Is 2913591673 prime?
True
Is 123540244231 composite?
True
Is 1751404867 composite?
True
Is 1500376951 composite?
False
Is 37506867089 a prime number?
False
Is 808107761 composite?
False
Is 832038307 a prime number?
False
Is 62166070391 a prime number?
True
Is 9513377329 prime?
True
Is 454438739 composite?
True
Is 599801761 a composite number?
True
Is 13367994667 prime?
True
Is 6856088471 a prime number?
False
Is 3150123661 prime?
True
Is 109668707053 a composite number?
False
Is 1786777891 a prime number?
True
Is 134605824323 a prime number?
False
Is 649166107 a prime number?
False
Is 56957657597 composite?
False
Is 811325861 a composite number?
True
Is 759392591 a prime number?
True
Is 196618183 a composite number?
False
Is 1304596877 a composite number?
False
Is 74972760559 prime?
True
Is 434210801 prime?
True
Is 10099123271 composite?
False
Is 1135773839 prime?
True
Is 14203601 composite?
True
Is 8557351661 a composite number?
False
Is 9618787901 a prime number?
False
Is 1588327423 a prime number?
True
Is 63884058143 a prime number?
True
Is 3605211581 a prime number?
False
Is 924219091 prime?
True
Is 144574337 a prime number?
True
Is 5308392773 a prime number?
True
Is 76203553331 a prime number?
True
Is 7739688797 prime?
False
Is 23948780122 a prime number?
False
Is 5776610783 a composite number?
True
Is 459238981 prime?
True
Is 13613270087 a composite number?
False
Is 11405066459 a composite number?
False
Is 86678202067 composite?
True
Is 892368677 composite?
False
Is 16030621703 prime?
True
Is 161406937 prime?
True
Is 46873198891 a prime number?
False
Is 343427737 prime?
False
Is 47113922753 a composite number?
False
Is 909156323 composite?
False
Is 534126083 a composite number?
False
Is 5454393307 a composite number?
True
Is 33999488729 prime?
False
Is 17377964551 composite?
False
Is 1882666087 prime?
False
Is 333248221 prime?
True
Is 208833973 a composite number?
False
Is 65488746649 prime?
True
Is 15485614421 a prime number?
True
Is 126829700663 prime?
False
Is 1498626419 a composite number?
False
Is 2385901411 composite?
False
Is 235066024397 prime?
False
Is 250424340311 a composite number?
False
Is 3588578689 